- (11 + -5)) - 2?
-1
9 + -3 - (-2 - -6)
2
What is the value of (-8 - (-8 + 5)) + 1?
-4
Calculate 7 + (-2 - (-2 + 4)) + 0.
3
Calculate 6 + -5 + 2 + -3.
0
Calculate 4 + (6 - (-1 - -7)) - -3.
7
What is the value of 18 - 16 - (2 + 3) - 4?
-7
Calculate 7 - (0 + 8 + -4).
3
Evaluate -21 + 18 + (-4 - -2) + 9.
4
Calculate 3 + (-1 - 1) + 9 + -8.
2
What is -5 + (4 - -6) - 6?
-1
(-4 + (-3 - -2) - -5) + 4
4
7 + -1 + -1 - 10
-5
(2 - (3 + (-6 - -1))) + -4
0
Evaluate -3 + (3 - (-3 + (2 - -1))).
0
4 + -3 - (9 + -6)
-2
1 - -1 - (-4 - -7)
-1
What is 3 - 7 - (-2 + 4 + -3)?
-3
Evaluate 1 + 1 + 3 + (2 - 5).
2
Calculate 2 - (-5 - (6 + -1 + -5)).
7
(0 - 1 - (20 + -24)) + -4
-1
Evaluate 6 + -10 + (-4 - -12).
4
What is the value of -57 + 49 - (-2 + 1)?
-7
Evaluate 2 + 8 - (-25 - -27).
8
What is (-8 - -5) + -2 + 7 + -2?
0
What is the value of 8 + (-8 - 0) - (0 - 0)?
0
-3 + -1 + (44 - 42)
-2
What is the value of 2 + -1 + (71 - 77)?
-5
What is the value of 1 + 1 + -2 + -4?
-4
Calculate (-9 - -19) + (-1 - 8).
1
What is the value of -1 - (-23 - -9 - -7)?
6
Evaluate -1 - 3 - (-31 - -32).
-5
Evaluate 0 + -6 + 3 - (26 + -23).
-6
What is 8 + (-5 - (-13 - -26))?
-10
Calculate 0 + (5 - 6 - -3) + -4.
-2
Evaluate (-1 + -7 - -9) + -2 + 1.
0
-4 - ((-22 - -22) + (0 - 9))
5
Calculate 8 - (-2 - -1 - (5 + -10)).
4
Calculate 4 + (-8 - (1 - 6) - -2).
3
1 + -4 + (3 - 2)
-2
What is the value of 3 + -3 - 2 - -9?
7
What is (1 - (2 + 2)) + -2 + -3?
-8
3 + -4 + (-8 - -7)
-2
Evaluate 2 + 1 - ((-2 - -1) + 1).
3
-2 + 1 + 2 - (-30 - -31)
0
Calculate -3 - ((-6 - -9) + -7 + -1).
2
What is 0 + (3 - ((0 - 0) + 1))?
2
Calculate 1 + -1 + (-4 + 2 - 4).
-6
Calculate 10 - (1 - -4) - 5.
0
What is the value of (8 - 6) + 7 - 5?
4
What is 2 + 4 + -5 - 1?
0
What is the value of -4 - (5 + 0 + -2)?
-7
Evaluate 2 - (3 + -5) - (1 + 3).
0
-2 + -1 + 8 - 2 - 0
3
Evaluate 0 + 1 + -1 + 0.
0
-1 + (1 + -3 + -4 - -2)
-5
What is 0 - 3 - (-10 + 12)?
-5
Calculate 2 + 16 - 4 - 14.
0
What is (6 - (-9 + 3 + 8)) + -9?
-5
Calculate 2 - (-6 - (-5 + 0 + 6)).
9
Calculate -3 - -3 - (5 + -8).
3
0 + 6 + -1 + 5 + -4
6
Evaluate -7 + (-7 - -6) + 7.
-1
(-3 - (1 - (-4 - -2))) + 0
-6
What is the value of 7 + -1 + 0 + -1 - 1?
4
Evaluate 12 - 29 - -10 - -15.
8
Calculate -4 + 13 + -12 + 6.
3
What is the value of -7 + 17 + -7 + (2 - 11)?
-6
What is -6 - ((-5 - -1) + -7 + 9)?
-4
Evaluate 10 + (4 - 10) - (0 - -2).
2
Calculate 6 - (0 - -1 - 0).
5
0 + -3 + (1 - 6 - 3)
-11
109 - 106 - (-1 - (-2 - -2))
4
Calculate (1 + 6 - 3) + (-2 - 1).
1
Calculate 5 + -6 + -1 + 4 + 3.
5
Evaluate (6 - (10 - 2 - 3)) + -6.
-5
What is the value of -1 - (4 + (1 - 5) - -5)?
-6
Evaluate -9 + 6 + (-3 - -3) + -2.
-5
What is 2 + 2 - (0 + 2) - -1?
3
What is the value of 0 - 9 - -6 - -4?
1
What is the value of (3 + 2 + -3 - 4) + 4?
2
-4 + (-4 - (-6 - 3))
1
What is the value of (0 - 5) + 1 + 0?
-4
What is 10 + (-1 - 1) - 3?
5
-12 + 3 - (-11 + 12)
-10
What is the value of (-2 - -6 - 7) + -2?
-5
(-1 - (-6 - -9)) + 0
-4
Calculate 5 + -14 + (4 - -7).
2
Calculate 0 - (-4 + -1 - -7).
-2
Evaluate (9 + -13 - (4 - 1)) + 2.
-5
What is the value of (-23 - -26) + -13 + 1?
-9
Calculate (1 + -5 - (-29 - -31)) + -1.
-7
(-12 - (-5 + -1)) + 1
-5
Evaluate 2 + (-3 - 1) + 4.
2
What is 3 - -1 - (-8 + 16)?
-4
Calculate -1 + (-3 - (-3 - 0)).
-1
What is -7 + -3 + (0 - -5)?
-5
What is the value of 0 + 2 + (2 + -2 - 3)?
-1
Calculate -2 - -7 - (91 - 94).
8
Evaluate 1 - (4 - (4 - 3)).
-2
Evaluate -1 + 9 - (25 + -25).
8
Evaluate -2 + 5 - 2 - -2.
3
31 + -32 - (-7 - -1)
5
6 - (-4 + (15 - 0))
-5
What is the value of 1 - -2 - 6 - (19 + -18)?
-4
Evaluate 1 + -8 + (28 - 24) + 1.
-2
What is the value of 5 + 3 + 8 + -7?
9
17 + (-10 - 0) + -11
-4
What is 7 + (4 - 17) - (-1 + 2)?
-7
Evaluate 1 + -3 + (9 - 2).
5
3 + ((-1 - -3) + -3 - 2)
0
-2 - -3 - -1 - (11 - 16)
7
Calculate 5 - ((3 - -3) + (4 - 5)).
0
-1 + (2 - 3 - (-12 + 16))
-6
What is 2 - (6 - (2 + 7))?
5
What is -4 + 8 + -13 + 5 + -3?
-7
Evaluate (-2 - 0) + 2 + -1.
-1
Calculate -15 - (0 + -24 + 11).
-2
8 - (5 + -4 + 3)
4
(2 - 1) + 1 - (4 - -3)
-5
What is the value of -1 + (-4 - (4 + 1 + -6))?
-4
Evaluate -10 + 7 + 2 + 2.
1
Calculate 2 + 8 + -3 + -7.
0
Calculate (4 - (2 - 1)) + (4 - 8).
-1
What is (-4 - 6 - -3) + -1?
-8
What is the value of 4 - -1 - (3 - (-4 - -5))?
3
((-1 - 4) + 3 - -5) + -4
-1
What is 10 - (3 - (3 - 5))?
5
-6 + (-3 - -8) - (-5 + 0)
4
Evaluate 5 + -4 - -2 - (0 + 1).
2
(-2 - (5 - 5)) + -3 + 0
-5
What is the value of (-2 - -8) + -1 + -2?
3
(1 - -3 - (1 + 3)) + -2
-2
What is (-1 - (2 - -3 - 7)) + -3?
-2
What is (-8 - -2) + (-10 - -15)?
-1
Evaluate (-12 - -7) + 10 + 0.
5
Calculate -4 + 6 - 2 - (1 - 0).
-1
Calculate (2 - 2 - -2) + -21 + 18.
-1
What is -3 - ((2 - 4) + 4)?
-5
Calculate -7 - -7 - (2 + -7).
5
What is the value of 4 + -1 + (-1 - 0)?
2
What is the value of 11 + -15 - (4 + -2 + -12)?
6
(1 - 2) + 1 + -4
-4
Evaluate (-6 - (-2 + -2)) + (0 - 0).
-2
What is the value of -80 + 84 - (-1 - -6)?
-1
Calculate -5 + 6 - ((-4 - -8) + -5).
2
What is -4 + (-5 - -3 - -6) + -8?
-8
-6 + -2 + 4 + -1
-5
What is (2 - 5) + (-2 - (-4 - -1))?
-2
Calculate -3 + (7 - 3) - 6.
-5
Evaluate (13 - -9) + -10 - 21.
-9
-2 + 12 + (-38 - -30)
2
What is the value of (-1 - 3) + (-6 - -8)?
-2
Evaluate -175 + 181 - (-1 + 4).
3
What is -280 - -270 - (1 - 18)?
7
What is the value of -8 + 11 - (-3 - -11)?
-5
Calculate -1 + 2 - (6 + (-1 - 1)).
-3
What is 3 + 0 - (1 + (-8 - -5))?
5
Evaluate 7 + 0 + 40 + -48.
-1
Calculate 19 - 22 - (1 - 1) - -6.
3
What is the value of 6 + (-12 - -6) - (-4 + 1)?
3
Calculate (3 - 2) + 8 + -7 - 2.
0
What is -1 + (1 - 8) - -5?
-3
What is the value of 2 - (7 + (1 + 2 - 10))?
2
-3 + -1 - (1 + -2 - 1)
-2
What is the value of 4 - (-3 + 6) - -2?
3
What is 20 + -17 - (2 - (-3 + 12))?
10
Calculate 2 - -2 - (3 - (2 - 1)).
2
What is the value of (-12 + -3 - -7) + 3?
-5
What is 5 + (1 - (-4 + 0 + 1))?
9
What is -5 + 3 + -2 - (-29 + 20)?
5
Calculate 2 - (-10 - 0 - -3).
9
What is the value of -6 - 0 - (-36 + 26)?
4
What is 1 - (2 + -7 + -1)?
7
What is -8 + -7 + -5 + 19?
-1
(4 - (6 - 8)) + 0 - 1
5
What is 1 + (7 - 2 - 9) + -1?
-4
Evaluate (-3 - 2) + (2 - 1).
-4
What is -6 + -3 + (2 - 4 - -8)?
-3
What is -6 + (15 - 7 - 10)?
-8
5 + -14 - (1 + -6)
-4
What is -5 + 2 - ((8 - 6) + 0)?
-5
Calculate -3 + (5 + -4 - 3).
-5
What is 7 + -19 - 7 - -10?
-9
What is the value of 20 + (22 - 13 - 22)?
7
7 + -1 - 3 - (18 + -15)
0
Evaluate (-1 - -4) + 1 + -8 + 5.
1
Evaluate 9 - (10 + (10 - 14)).
3
What is the value of 0 - (3 - ((2 - 5) + 3))?
-3
1 - 4 - (-4 - 1)
2
Evaluate -1 + 8 + -4 - -3 - 4.
2
What is (-13 - -12) + -1 + -1?
-3
What is -8 + -1 - (-75 - -62)?
4
1 - (3 - -1 - 1 - -1)
-3
Evaluate -1 + -3 - (11 - 11).
-4
Calculate (-1 - (2 - 1)) + 1 + 5.
4
-20 + 17 + 1 + 3 + -11
-10
Calculate (5 - -2) + (5 - 7).
5
What is the value of -1 - -3 - (-4 + 9 + -5)?
2
Evaluate (-1 - -1) + 5 + -3.
2
Calculate (9 - (6 - 11)) + -8.
6
What is 1 + (7 - 9) - 3?
-4
What is (-1 + 4 - 3) + 3 + -5?
-2
Evaluate 0 + (3 - 2 - 1) + -2.
-2
Calculate -1 + 1 - (-15 + 19).
-4
Calculate -3 + 1 + -3 - -2 - -7.
4
1 - ((0 - (5 - 0)) + 9)
-3
Evaluate -5 + 15 + -8 + -1.
1
Calculate -4 + (2 - (7 + -5)).
-4
Evaluate -1 + 5 + -1 - (-1 - -1).
3
-21 + 15 + 1 + -4
-9
Calculate 21 + -13 - (-7 - -14).
1
Calculate -2 - -16 - (-6 - -18).
2
What is the value of -2 - (6 + -7 + -4 - 5)?
8
What is the value of -3 + (12 - (20 + -12))?
1
What is the value of (10 - 9) + 2 + -7?
-4
What is the value of -4 + 1 + -5 - (-5 - 1)?
-2
-12 + (0 + 6 - 0)
-6
What is the value of 4 + -11 + 10 + 5?
8
What is the value of 12 - (9 + (-5 + 3 - 1))?
6
Calculate 1 - -1 - (2 + 3) - 3.
-6
Evaluate 110 + -102 - (11 - 1).
-2
-175 + 182 + -2 + -1
4
Calculate 0 + -1 + -3 + -2 + -1.
-7
Evaluate -10 + 13 + 0 + 0 + 2.
5
Calculate (-3 - 3) + 5 - (5 + -3).
-3
Calculate 4 + -8 - (-1 + -5).
2
-6 - -1 - (-8 + 3)
0
7 + 1 + -3 - 2
3
What is 0 + -3 + (-19 + 19 - 2)?
-5
What is -11 + 0 + (-273 - -287)?
3
What is 2 + 1 + (-3 - 6)?
-6
-5 + 10 - (4 + -5 + 3)
3
Evaluate (1 - 5) + (-58 - -66).
4
What is -2 - -14 - (4 + 1 - 0)?
7
What is 8 - (14 - 5) - -9?
8
What is the value of 11 - ((-7 - -15) + 0)?
3
Evaluate -5 + (1 - (-2 + -2)).
0
1 - -4 - (-3 - -2 - -3)
3
Evaluate 23 + -10 - (23 - 0).
-10
What is the value of (2 - (10 - 3)) + 12?
7
-12 + 0 - (-5 - 2 - -1)
-6
What is 4 + 